4b48 (base 15) to base 6.
202135
-530 (base 12) to base 11
-628
1011101111 (base 2) to base 15
351
Convert -840 (base 12) to base 6.
-5320
Convert -7a4 (base 11) to base 10.
-961
Convert -45464 (base 8) to base 2.
-100101100110100
-3421 (base 7) to base 4
-103120
Convert -12240 (base 5) to base 9.
-1260
Convert -14832 (base 11) to base 8.
-50750
What is -206a2 (base 11) in base 12?
-15520
Convert 40608 (base 9) to base 8.
64162
-4023 (base 5) to base 6
-2213
What is -23012 (base 4) in base 8?
-1306
Convert -385 (base 12) to base 4.
-20111
Convert -32220 (base 6) to base 7.
-15561
Convert 143 (base 15) to base 8.
440
What is -10101110 (base 2) in base 4?
-2232
1010011 (base 3) to base 4
30232
What is 291c (base 13) in base 5?
142230
What is 826 (base 11) in base 3?
1100220
Convert 2371 (base 10) to base 13.
1105
Convert 3c6 (base 13) to base 15.
2e9
Convert 17a63 (base 11) to base 3.
1021121201
What is -1219 (base 12) in base 15?
-90c
-309 (base 13) to base 2
-1000000100
What is -2002 (base 4) in base 7?
-244
Convert 1001100000 (base 2) to base 9.
745
575 (base 9) to base 5
3343
What is -1020110 (base 3) in base 16?
-387
20000210 (base 3) to base 6
32203
Convert -10140 (base 6) to base 7.
-3645
What is 1a38 (base 12) in base 4?
302030
What is 3122 (base 7) in base 13?
662
What is -11a01 (base 12) in base 11?
-16a62
7545 (base 8) to base 13
1a42
Convert 91c (base 14) to base 13.
a79
Convert -1367 (base 13) to base 7.
-11063
-773 (base 16) to base 13
-b39
Convert -2003304 (base 5) to base 14.
-b7a8
Convert -3a (base 16) to base 12.
-4a
-ca9 (base 16) to base 6
-23001
Convert 111332010 (base 4) to base 15.
1b9e3
What is 16a84 (base 11) in base 9?
35737
What is -6a8 (base 15) in base 6?
-10552
What is -10230 (base 4) in base 12?
-210
What is 3021011 (base 4) in base 2?
11001001000101
What is -3283 (base 9) in base 11?
-1904
What is 14205 (base 6) in base 11?
1754
-151 (base 11) to base 7
-342
Convert -1225 (base 6) to base 9.
-368
1023313 (base 5) to base 16
43b5
Convert 63236 (base 7) to base 9.
23308
What is 1dd (base 16) in base 11?
3a4
Convert 22345 (base 6) to base 11.
2414
Convert 50450 (base 7) to base 5.
342421
What is -4927 (base 11) in base 4?
-1210222
-432551 (base 6) to base 16
-8b33
Convert -110011001100101 (base 2) to base 12.
-13205
Convert 1a6 (base 11) to base 9.
283
Convert -34030 (base 6) to base 16.
-12a2
Convert -28a (base 11) to base 6.
-1324
What is -9072 (base 10) in base 9?
-13400
bd95 (base 14) to base 6
412051
What is -27746 (base 9) in base 12?
-aa96
3cdd (base 14) to base 13
4ba2
Convert -899 (base 10) to base 9.
-1208
Convert -822 (base 11) to base 12.
-6a8
What is -20992 (base 10) in base 2?
-101001000000000
-300110 (base 5) to base 2
-10010010111101
What is 20b (base 16) in base 15?
24d
10101100111011 (base 2) to base 15
342c
What is -1025543 (base 6) in base 4?
-30111213
What is -31141 (base 5) in base 15?
-916
Convert d622 (base 15) to base 16.
b0c9
Convert 10267 (base 9) to base 3.
100022021
-272 (base 8) to base 11
-15a
What is 1ab01 (base 12) in base 10?
39601
What is 15425 (base 7) in base 11?
3288
Convert -100012222 (base 3) to base 11.
-5061
What is -94 (base 11) in base 6?
-251
What is 5654 (base 11) in base 6?
54240
Convert -3209 (base 12) to base 10.
-5481
What is 302030 (base 4) in base 13?
1601
Convert 10010111100 (base 2) to base 3.
1122220
Convert 101111110011 (base 2) to base 13.
1514
-2201111 (base 3) to base 12
-1194
11201 (base 4) to base 13
212
Convert 1133 (base 4) to base 12.
7b
What is 1352 (base 6) in base 3?
111012
What is -1342 (base 5) in base 2?
-11011110
What is -1cc8 (base 16) in base 13?
-347a
What is 197 (base 14) in base 5?
2304
-10e (base 16) to base 7
-534
Convert 244121 (base 5) to base 2.
10010001000110
12111122 (base 3) to base 4
332231
Convert -8525 (base 14) to base 8.
-54665
Convert 4007 (base 9) to base 16.
b6b
Convert 141b1 (base 12) to base 2.
110110100010101
1182 (base 13) to base 4
212220
-43 (base 13) to base 14
-3d
2120222 (base 3) to base 7
5336
Convert 1431 (base 6) to base 9.
461
Convert -eb7 (base 15) to base 5.
-101242
What is 6477 (base 11) in base 7?
33640
14020 (base 5) to base 16
46f
-11242 (base 5) to base 9
-1113
Convert -222022 (base 3) to base 7.
-2033
Convert -1841 (base 10) to base 14.
-957
-1431 (base 5) to base 8
-361
What is 1001211 (base 3) in base 16?
30a
Convert -10000121222 (base 3) to base 7.
-335330
-12100011 (base 3) to base 6
-30004
-14441 (base 5) to base 12
-87a
What is -3276 (base 15) in base 12?
-6226
Convert 2930 (base 10) to base 13.
1445
10000111000100 (base 2) to base 9
12764
Convert -2254 (base 7) to base 9.
-1114
Convert -3d3 (base 16) to base 12.
-697
Convert 6877 (base 9) to base 4.
1033210
What is 3246 (base 9) in base 7?
6654
Convert 635 (base 9) to base 3.
201012
Convert 186c (base 15) to base 8.
12235
Convert -1645 (base 11) to base 15.
-956
What is -6766 (base 14) in base 6?
-214554
-446 (base 12) to base 8
-1166
What is -101230 (base 4) in base 2?
-10001101100
Convert -857 (base 9) to base 8.
-1274
What is 264 (base 7) in base 13?
b1
What is 14611 (base 8) in base 2?
1100110001001
-bda (base 16) to base 7
-11563
Convert -10ed (base 15) to base 7.
-13330
Convert -10111011 (base 2) to base 4.
-2323
1002003 (base 4) to base 13
1c02
What is 72717 (base 8) in base 15?
8e09
Convert 6313 (base 7) to base 13.
1015
Convert 439 (base 13) to base 14.
39a
-10233 (base 4) to base 3
-102020
52 (base 16) to base 15
57
Convert -88528 (base 9) to base 8.
-162577
-634 (base 9) to base 3
-201011
What is -3291 (base 10) in base 14?
-12b1
Convert -11110111 (base 2) to base 3.
-100011
23230 (base 4) to base 6
3244
What is -583 (base 12) in base 10?
-819
Convert 102011220 (base 3) to base 15.
2636
111110001 (base 2) to base 10
497
1d65 (base 14) to base 9
7338
Convert 1752 (base 13) to base 16.
d77
-41014 (base 7) to base 4
-2123212
What is -100101010011101 (base 2) in base 15?
-59d6
-a3 (base 14) to base 4
-2033
Convert ba9 (base 12) to base 2.
11010110001
Convert 120 (base 4) to base 3.
220
What is 149 (base 10) in base 6?
405
Convert 303 (base 15) to base 9.
833
Convert 21301 (base 5) to base 9.
1882
What is -1011110110010 (base 2) in base 15?
-1be6
What is -402 (base 8) in base 6?
-1110
Convert -1a985 (base 12) to base 4.
-21213311
What is -515 (base 13) in base 11?
-715
Convert 7983 (base 15) to base 13.
b967
What is -883 (base 14) in base 7?
-4623
What is 222222 (base 3) in base 15?
338
-7001 (base 8) to base 4
-320001
Convert -2a654 (base 11) to base 5.
-2342002
-15805 (base 9) to base 13
-4c34
-1100010011 (base 2) to base 12
-557
Convert -50510 (base 6) to base 3.
-100010220
Convert -298 (base 12) to base 6.
-1512
27a2 (base 11) to base 5
103441
What is -11110001001001 (base 2) in base 3?
-210011121
Convert -310 (base 11) to base 9.
-455
78ba (base 13) to base 5
1020014
What is -101111111100010 (base 2) in base 8?
-57742
47dc (base 14) to base 12
7312
What is 121220021 (base 3) in base 8?
30037
What is -1100010 (base 2) in base 15?
-68
What is 1311103 (base 4) in base 2?
1110101010011
What is -301432 (base 5) in base 7?
-40016
What is 100012 (base 4) in base 5?
13110
1011000100 (base 2) to base 13
426
-4617 (base 11) to base 3
-22022202
Convert -325 (base 11) to base 12.
-286
-103000 (base 6) to base 14
-30da
What is -5e54 (base 15) in base 13?
-91c6
1a3c (base 16) to base 9
10182
-398 (base 15) to base 3
-1010022
Convert -363 (base 8) to base 13.
-159
What is -4946 (base 11) in base 14?
-24d9
-1000010011101 (base 2) to base 15
-13d8
Convert 101002010 (base 3) to base 5.
213342
What is -290 (base 14) in base 8?
-1006
-3134104 (base 5) to base 11
-36410
-6520 (base 10) to base 12
-3934
What is -949a (base 12) in base 14?
-5cc6
What is 302265 (base 7) in base 3?
2121022020
What is -202022 (base 3) in base 5?
-4143
Convert 44583 (base 10) to base 4.
22320213
Convert 2167 (base 8) to base 9.
1510
330020 (base 4) to base 12
2288
-12002 (base 5) to base 3
-1012111
Convert -52 (base 9) to base 15.
-32
Convert 3ab (base 15) to base 9.
1128
-34959 (base 10) to base 6
-425503
131332 (base 5) to base 6
40053
What is -100ac (base 13) in base 5?
-1404303
What is 1357 (base 8) in base 2?
1011101111
What is 10d52 (base 14) in base 5?
2303121
What is -